e remainder when 301544 is divided by 50181?
458
Calculate the remainder when 56858195 is divided by 60295.
10
Calculate the remainder when 533381 is divided by 1974.
401
What is the remainder when 21181307 is divided by 133?
126
Calculate the remainder when 546613 is divided by 182130.
223
Calculate the remainder when 223250 is divided by 168.
146
What is the remainder when 622124 is divided by 3?
2
What is the remainder when 1759208 is divided by 70?
38
Calculate the remainder when 120540 is divided by 30062.
292
Calculate the remainder when 29909425 is divided by 702.
13
What is the remainder when 341043 is divided by 48679?
290
Calculate the remainder when 54825404 is divided by 1088.
1084
Calculate the remainder when 193819508 is divided by 7875.
8
Calculate the remainder when 2320917 is divided by 1186.
1101
Calculate the remainder when 18546341 is divided by 34.
21
Calculate the remainder when 75660482 is divided by 1351080.
2
Calculate the remainder when 533923 is divided by 871.
0
Calculate the remainder when 496271 is divided by 7386.
1409
What is the remainder when 6110242 is divided by 71?
53
Calculate the remainder when 127510 is divided by 7969.
6
What is the remainder when 23165135 is divided by 131?
12
Calculate the remainder when 96372381 is divided by 101.
100
Calculate the remainder when 61067247 is divided by 150.
147
Calculate the remainder when 2218262 is divided by 82.
80
What is the remainder when 82951 is divided by 972?
331
Calculate the remainder when 9056083 is divided by 292.
287
Calculate the remainder when 75174 is divided by 1016.
1006
Calculate the remainder when 146652 is divided by 1730.
1332
Calculate the remainder when 31452 is divided by 7799.
256
What is the remainder when 15206778 is divided by 10?
8
Calculate the remainder when 2259891 is divided by 107612.
39
What is the remainder when 4866129 is divided by 2427?
2421
Calculate the remainder when 91721 is divided by 1095.
836
What is the remainder when 5659928 is divided by 153?
152
Calculate the remainder when 6707521 is divided by 257.
78
Calculate the remainder when 20502 is divided by 2289.
2190
What is the remainder when 27020663 is divided by 11?
10
Calculate the remainder when 38956852 is divided by 4390.
4382
What is the remainder when 48659297 is divided by 44?
5
What is the remainder when 908750 is divided by 149?
148
Calculate the remainder when 3822239 is divided by 382221.
29
Calculate the remainder when 31909478 is divided by 164.
162
Calculate the remainder when 100976226 is divided by 1695.
1686
Calculate the remainder when 9277499 is divided by 150.
149
What is the remainder when 46416 is divided by 931?
797
What is the remainder when 199649 is divided by 4641?
86
Calculate the remainder when 14815194 is divided by 4938387.
33
Calculate the remainder when 434096 is divided by 86496.
1616
What is the remainder when 1521491 is divided by 116995?
556
What is the remainder when 203032 is divided by 67598?
238
What is the remainder when 149597 is divided by 2140?
1937
What is the remainder when 293600243 is divided by 46?
45
Calculate the remainder when 934403 is divided by 93436.
43
Calculate the remainder when 1881884 is divided by 215.
204
Calculate the remainder when 3002823 is divided by 144.
135
Calculate the remainder when 711537 is divided by 12141.
7359
Calculate the remainder when 93111 is divided by 2212.
207
What is the remainder when 825537 is divided by 823?
68
What is the remainder when 38447939 is divided by 76?
71
What is the remainder when 7639 is divided by 249?
169
What is the remainder when 15861322 is divided by 6252?
6250
What is the remainder when 18115590 is divided by 23?
8
What is the remainder when 308757 is divided by 83?
80
Calculate the remainder when 2747657 is divided by 409.
404
What is the remainder when 1968794 is divided by 653?
652
What is the remainder when 4073 is divided by 381?
263
What is the remainder when 5578 is divided by 1383?
46
What is the remainder when 62031966 is divided by 395?
376
Calculate the remainder when 501831 is divided by 186.
3
What is the remainder when 763448 is divided by 17756?
17696
Calculate the remainder when 3268708 is divided by 35529.
40
Calculate the remainder when 53306656 is divided by 71.
69
What is the remainder when 4375960 is divided by 1026?
70
Calculate the remainder when 14391 is divided by 1522.
693
Calculate the remainder when 1626193 is divided by 42788.
249
Calculate the remainder when 59394676 is divided by 3299704.
4
What is the remainder when 3841901 is divided by 1341?
1277
Calculate the remainder when 343609 is divided by 308.
189
What is the remainder when 1010723 is divided by 105?
98
Calculate the remainder when 4017298 is divided by 334758.
202
Calculate the remainder when 6008844 is divided by 6406.
16
What is the remainder when 89856 is divided by 37?
20
What is the remainder when 1828159 is divided by 609381?
16
What is the remainder when 1270537 is divided by 34?
25
What is the remainder when 2758094 is divided by 2587?
352
Calculate the remainder when 1921181 is divided by 1920801.
380
Calculate the remainder when 415639 is divided by 103633.
1107
Calculate the remainder when 1337417 is divided by 21.
11
Calculate the remainder when 4852 is divided by 978.
940
What is the remainder when 9699 is divided by 9197?
502
Calculate the remainder when 544958 is divided by 327.
176
Calculate the remainder when 40028878 is divided by 102.
100
Calculate the remainder when 1044777 is divided by 12.
9
Calculate the remainder when 18073 is divided by 6873.
4327
Calculate the remainder when 724142 is divided by 9161.
423
What is the remainder when 193342 is divided by 2197?
6
Calculate the remainder when 989166 is divided by 988909.
257
What is the remainder when 4895889 is divided by 31?
28
What is the remainder when 879956 is divided by 1377?
53
Calculate the remainder when 647240 is divided by 161739.
284
What is the remainder when 106471067 is divided by 67?
27
Calculate the remainder when 13347864 is divided by 187998.
6
What is the remainder when 1158276 is divided by 1227?
1215
Calculate the remainder when 400567 is divided by 133349.
520
What is the remainder when 6020685 is divided by 4?
1
What is the remainder when 207693183 is divided by 21204?
3
What is the remainder when 14378519 is divided by 676?
675
Calculate the remainder when 976674 is divided by 254.
44
Calculate the remainder when 1151985 is divided by 360.
345
Calculate the remainder when 38031 is divided by 1309.
70
What is the remainder when 240892805 is divided by 10?
5
Calculate the remainder when 118096 is divided by 1571.
271
Calculate the remainder when 398267 is divided by 11053.
359
What is the remainder when 50560145 is divided by 5214?
5201
What is the remainder when 2313141 is divided by 462620?
41
Calculate the remainder when 91557058 is divided by 6781.
6777
Calculate the remainder when 12508371 is divided by 434.
57
What is the remainder when 7054151 is divided by 1780?
11
What is the remainder when 1852415 is divided by 768?
767
What is the remainder when 3099259 is divided by 964?
963
What is the remainder when 1206338 is divided by 52?
42
Calculate the remainder when 38663348 is divided by 843.
839
Calculate the remainder when 2472674 is divided by 3888.
3794
Calculate the remainder when 36158 is divided by 4515.
38
What is the remainder when 20643 is divided by 308?
7
What is the remainder when 9076342 is divided by 5995?
5907
What is the remainder when 3056923 is divided by 3056819?
104
What is the remainder when 17111780 is divided by 3604?
3592
What is the remainder when 319112 is divided by 3585?
47
What is the remainder when 45944401 is divided by 633?
628
Calculate the remainder when 12842850 is divided by 38.
28
What is the remainder when 8110840 is divided by 119?
38
Calculate the remainder when 65250 is divided by 22.
20
Calculate the remainder when 85891794 is divided by 35699.
0
What is the remainder when 1066063 is divided by 28?
19
Calculate the remainder when 120929169 is divided by 6132.
6129
Calculate the remainder when 176724041 is divided by 106.
99
What is the remainder when 5897885 is divided by 219?
215
Calculate the remainder when 269463 i